Let r be w(-2). Let d(x) = 2*x - x + r + 1. Let k = 45 - 45. Calculate d(k).
5
Let y(g) = -2*g**2 - 13*g - 7. Let d be y(-6). Let h(a) = -4*a + 1. Give h(d).
5
Let b(s) be the first derivative of s**4/4 - 2*s**3 - 3*s**2/2 + s - 40. Determine b(6).
-17
Let s(y) be the second derivative of -y**5/20 - y**4/3 + y**3/3 + y**2 - 7*y. Suppose 2*k + t - 10 = 0, -11 = -2*k - 5*t - 1. Let z = -7 + k. Determine s(z).
-10
Let z(j) = -j - 5. Let k(t) = -2*t - 5. Let m(w) = -2*k(w) + 3*z(w). Determine m(5).
0
Suppose -w - 249 = -q - 3*w, 2*w - 747 = -3*q. Let g(d) = 250*d**3 - 2 - 5*d**2 - 3 + 2*d - q*d**3. Determine g(5).
5
Let h be -3 + 20 - (0 - 2). Suppose 0 = -4*r + 3 - h. Let i(w) = -4*w - w + 3*w + 3 + w. Determine i(r).
7
Let k be -1*((-4)/(-16) - 2/8). Let o(x) = x**2 + x - 19. Give o(k).
-19
Let w(i) be the third derivative of i**6/30 - i**5/60 + i**3/6 - 4*i**2 - 6. Calculate w(1).
4
Let r(a) be the third derivative of a**6/120 + a**5/10 + a**4/3 + 7*a**3/6 + 3*a**2. Suppose -5*y + 5*d = 25, 5*y + 4 = 2*d - 21. What is r(y)?
-8
Let v = 4 + -7. Let g(t) = 5*t**3 - 17*t**2 + 2*t - 9. Let x(b) = 2 - 3*b**3 + 4 + 11*b**2 + 0*b - b. Let s(i) = 5*g(i) + 8*x(i). Determine s(v).
-3
Let i be (-6)/8*(-8)/12. Let r(z) be the second derivative of -i*z**2 - 2*z - 1/12*z**4 + 0 + 1/2*z**3. Determine r(2).
1
Suppose 8*c + 4 = 4*c. Let g(r) be the first derivative of 0*r + 0*r**2 + 2 - 5/4*r**4 + 0*r**3. Give g(c).
5
Let t(f) be the third derivative of f**5/60 - 2*f**3/3 + 8*f**2. Determine t(0).
-4
Let k(m) be the third derivative of m**6/20 - m**5/30 + m**3/6 + 6*m**2. Give k(1).
5
Let y(b) = 4*b + 2 - 3 + 1 + 4. Suppose 8*a = 3*a + 10. Let f = a + -5. Determine y(f).
-8
Let h be 327/15 + 2/10. Suppose h - 7 = -5*p. Let x = 0 - p. Let k(o) = o**3 - 3*o**2 - o - 2. Calculate k(x).
-5
Let j(p) = 2*p**2 - 2. Suppose -3*v - v + 24 = 0. Suppose 2*w - v = -w. Calculate j(w).
6
Let y(l) = 2*l**2 + 6*l + 5. Let w = -45 + 41. Give y(w).
13
Let l be (2/(-3))/((-13)/39). Let b(q) be the third derivative of -5/24*q**4 + 0*q + 1/6*q**3 + 0 - 1/10*q**5 - 4*q**l - 1/120*q**6. Calculate b(-5).
1
Let j(z) = 2 - 717*z + 1 + 720*z. Give j(4).
15
Let j be 24/14 - (-6)/21. Let x(k) = -j - k - 3*k**2 - 3*k**3 + 2 - 1 + k**3. Calculate x(-2).
5
Let u(m) = -2*m - 1. Let c(r) = 16*r + 9. Let i(f) = 3*f + 2. Suppose 7*a - 44 = 3*a. Let b(y) = a*i(y) - 2*c(y). Let d be b(-3). Calculate u(d).
-3
Let f(y) = -6*y. Let z(q) = q**2 + q**2 - q**2 - 4*q + 1. Let t be z(4). Give f(t).
-6
Let a(o) = o**2 + 2*o - 4. Let b(g) = 6*g - 3. Let j be b(0). Determine a(j).
-1
Let w(q) = -6*q - 5. Let p(c) = c + 1. Let t(k) = -5*p(k) - w(k). Determine t(2).
2
Let g = 9 - 15. Let x(d) be the second derivative of 1/6*d**3 + 0 + 0*d**2 - 2*d. Give x(g).
-6
Let j(k) = -6*k + 17. Let h(s) = 7*s - 18. Let b(a) = 5*h(a) + 6*j(a). What is b(5)?
7
Let z(h) be the first derivative of h**3 - h - 4. Give z(1).
2
Let q(k) be the third derivative of k**5/60 + 5*k**4/24 + 7*k**3/6 - k**2. Let d = 6 + 4. Suppose 3*i = d - 25. Calculate q(i).
7
Let a(i) = i**3 + 3*i**2 - i - 4. Let z(c) = -c**2 - 6*c + 6. Let u be z(-8). Let g = 7 + u. Determine a(g).
-1
Let d be 10/6 - (-14)/(-21). Let v(q) = d + q - 1 + 2 + 2. Calculate v(6).
10
Let a(l) = -1 + l - 3*l + 2*l - l. Calculate a(-6).
5
Let i = 40 + 11. Let a be i/(-9) - 4/(-6). Let t(l) = -4*l + 2 + l + 0*l + 2*l. Give t(a).
7
Let x be (-14)/(-5) + 5/25. Let l(g) = -g**2 + g - 2. Calculate l(x).
-8
Let y(g) = -11*g**2 + g - 3. Let v(c) = -4*c**2 - 1. Let z(t) = -7*v(t) + 2*y(t). Let x(n) = n**3 + 0*n + 4*n**2 - 2*n - 1 - 5*n**2. Let i be x(2). Give z(i).
5
Let a(f) = f + 0 + 0*f**3 - f**3 - 1 + 3*f**2. Let k = -143 + 146. Determine a(k).
2
Let z(k) = -k**3 + 5*k**2 - 4*k + 4. Let q be z(4). Suppose 0 = 2*n - 3*r + 2 + q, 0 = n - 3*r + 6. Let l(c) = c**3 - c**2 - 1 + 0 - c + 0*c. Calculate l(n).
-1
Let t = 16 - 28. Let g be t/10*(-20)/3. Let h(w) = w**3 + 2*w**2 - w. Let a(m) = -3*m**3 - 7*m**2 + 3*m. Let i(z) = g*h(z) + 3*a(z). Determine i(-5).
-5
Let o(p) = 3*p. Suppose 2*a + 5 = 5*y - 3*a, -5*y = -2*a - 8. Suppose -2*q + y = -q. Calculate o(q).
6
Let b(j) = -3*j**2 + 3*j. Let h be ((-63)/28)/((-6)/64). Let l be h/10 - 2/5. Calculate b(l).
-6
Let r(t) = -4*t - t**3 + 5*t**2 + 1 + 5 + 0*t**2. Calculate r(4).
6
Suppose -2*k - 6 - 10 = 2*c, -4*k + 2*c - 8 = 0. Let f(q) = q**3 + 4*q**2 - q + 2. What is f(k)?
6
Let z(c) = -c**3 + c**2 - 2. Suppose -3*s - 5*x = -31, -1 - 4 = -5*s + x. Suppose -s*u = -u. Calculate z(u).
-2
Let l(i) be the first derivative of i**5/20 + i**4/4 + i**3/3 - i**2 - 5*i + 5. Let k(j) be the first derivative of l(j). Calculate k(-2).
-2
Let j(n) = 14*n**2 - 2 - 13*n**2 - 2. Determine j(-3).
5
Let b(u) = 4*u**3 - 1. Suppose -9 - 3 = 12*o. Give b(o).
-5
Let w(c) = -4*c - 8 + 4*c - 3*c + c**2. Suppose 1 = -3*z + 19. Determine w(z).
10
Let q(d) = d + 1. Suppose 2*k + y = k + 26, -2*y - 20 = -k. Let n be -1*(-7)/((-28)/8). Let r be (k/(-3))/(n - 0). What is q(r)?
5
Let i(u) be the third derivative of -1/6*u**3 - u**2 + 1/24*u**4 + 0*u + 1/120*u**5 + 0. Let f(x) be the first derivative of i(x). What is f(-5)?
-4
Let h(a) be the second derivative of -a**6/240 + a**5/120 + a**4/3 + a. Let c(z) be the third derivative of h(z). Give c(-1).
4
Let k be (10/(-15))/((-1)/3). Let g = 3 + -1. Let m(u) = 0 + 6*u + 1 - g*u + 0. Give m(k).
9
Let r(q) be the second derivative of -q**4/12 - 3*q**3/2 - 3*q**2 - 4*q. Determine r(-8).
2
Let t(r) = 47*r**2 + r**3 + 21 + 49*r**2 - 97*r**2. Give t(0).
21
Let c(x) = -4*x - 1. Let a be c(-2). Let i(o) = o**2 - 8*o + 8. What is i(a)?
1
Let b(t) = -2*t + 2. Let g(s) = s**3 - 5*s**2 + s. Let l be g(5). Suppose -z = 2*f + f - 23, l*z - 25 = 3*f. Let u = z - 5. Calculate b(u).
-4
Let o(x) = -3*x - 4. Let p be o(-3). Let r(f) be the second derivative of -f**5/20 + 5*f**4/12 + f**3/6 + 2*f**2 - 15*f. Calculate r(p).
9
Let n be (-1)/2 - 65/(-10). Let c(h) = 1 + 2*h**3 + n*h**2 - 5*h - 4 - h**3 - 3*h**2. What is c(-4)?
1
Let n(a) = -a**3 - 5*a**2 - 2*a - 2. Let z = -154 - -226. Suppose -5*v + 0*v - t = -z, 24 = 2*v - 2*t. Let s = 9 - v. Calculate n(s).
8
Let u = -35 + 39. Let j(o) = -3*o + 5. What is j(u)?
-7
Suppose 0 = -4*p - 4, u - 4*u = p + 4. Let c(h) = 15*h**2 + 2*h + 1. Calculate c(u).
14
Let j be 15/10*(-2)/(-3). Let m(s) = -3*s - 2*s + 6*s + j. What is m(4)?
5
Let n = 4 - 2. Let y(g) = g - 2. Let i(f) = -2*f + 3. Let w(l) = -2*i(l) - 3*y(l). Determine w(n).
2
Let x(c) = -1 - 5*c + 2 + 4*c. Let k(b) = 3*b**3 - 4*b**3 - 3*b**2 + b - 1 - 2*b. Let z(d) = k(d) + x(d). Determine z(-3).
6
Let g(l) = l**2 - 4*l + 2. Suppose 2*u = -3*w + 6*w - 3, 4*u - 2 = -2*w. Suppose 2*m + u*m = 8. What is g(m)?
2
Suppose 2*f + 2*a + 7 = -a, -4*f - a + 11 = 0. Suppose f*w + 5 = -w. Let l(q) = 10*q**3 - q. Determine l(w).
-9
Let j(u) be the second derivative of u**5/20 - u**4/4 + u**3/3 - u**2 + 18*u. Give j(3).
4
Let z(g) = -g**3 - g**2 + 3*g + 3. Let x = 0 + -2. Let o be z(x). Let k(a) = -a**2 - 5*a + o - 2*a**2 + 4*a**2. Determine k(5).
1
Let c(z) = 3*z + 5. Let f(o) = 3*o + 4. Let v(g) = 5*c(g) - 6*f(g). Give v(2).
-5
Let b(m) = m - 2. Let p(s) = 4*s + 28. Let w be p(-6). Give b(w).
2
Suppose 0*u + 5*u = 160. Suppose -18 = -2*b + 3*x, 0 = 4*b - 0*b - 5*x - u. Let h(r) = -b + 2 + r**2 - 4 + 4*r. What is h(-4)?
-5
Let h(m) be the first derivative of -m**2/2 + 6*m - 16. Determine h(5).
1
Let g(k) = -k**3 - 15*k**2 - 26*k - 3. Let c be g(-13). Let b(w) = 1. Let v(z) = z + 1. Let r(d) = 6*b(d) + v(d). Give r(c).
4
Suppose -8 = -2*d + 2*g, 0 = -3*d - 2*g - 3*g - 4. Let t(v) = -1 + 2*v + 5*v + v - 5*v. Calculate t(d).
5
Let p(w) = 3*w. Let x = -7 + 11. Suppose -10 = -3*s - x*c, c = -2*s - 2*s - 4. Let j be 3 + (-3 - 4) - s. Calculate p(j).
-6
Suppose z + 2*z = 2*d + 14, 2 = -d - z. Let r = -5 - d. Let q(w) = 2*w. What is q(r)?
-2
Let h be (4/(-60))/((-8)/6). Let b(x) be the second derivative of 0 - 1/12*x**4 - h*x**5 + 3*x**2 - x + 0*x**3. What is b(0)?
6
Let y(q) = -q**2. Suppose 0*p + 3*p - 9 = 0. Suppose -2 + p = i. Let n be (i + 1/(-1))/2. Calculate y(n).
0
Let s(o) = 18*o - 10. Suppose 0*c = -2*c - 32. Let p(z) = -6*z + 3. Let w(d) = c*p(d) - 5*s(d). Give w(-2).
-10
Let l(b) = -3*b + 5. Let w be 5/(-5)*(-2 + -2). Suppose 5*u + 3*h - 16 = 7*h, -w*h